{"id":149,"date":"2019-01-26T10:20:08","date_gmt":"2019-01-26T09:20:08","guid":{"rendered":"http:\/\/ny.axelk.dk\/?page_id=149"},"modified":"2022-10-10T19:47:33","modified_gmt":"2022-10-10T17:47:33","slug":"tillidsposter","status":"publish","type":"page","link":"https:\/\/cv.axelk.dk\/index.php\/tillidsposter\/","title":{"rendered":"Tillidsposter og frivilligarbejde"},"content":{"rendered":"\n<ul class=\"wp-block-list\"><li>Kasserer i Vr\u00e5 Bryghus&#8217; Venner, 2021 &#8211;<\/li><li>Arbejdsmilj\u00f8repr\u00e6sentant, IT Service, Aalborg Universitet, 2019 &#8211; 2022<\/li><li>Frivillig medarbejder p\u00e5 <a rel=\"noreferrer noopener\" aria-label=\" (\u00e5bner i en ny fane)\" href=\"http:\/\/www.xn--vrbryghus-62a.dk\/\" target=\"_blank\">Vr\u00e5 Bryghu<\/a>s, 2018 &#8211;<\/li><li>Kasserer for Amager F\u00e6lled \u00d8kohave, 2014 &#8211; 2015<br><\/li><li>Domsmand, K\u00f8benhavns Byret, 2011 &#8211; 2016<br><\/li><li>Medlem af bestyrelsen for Bryggebilen, 2009 &#8211; 2015<br><\/li><li>Medlem af Samarbejds- og Sikkerhedsudvalg p\u00e5 Sol og Strand Feriehusudlejning A\/S, 1999 &#8211; 2004<\/li><li>Studenterrepr\u00e6sentant i Aalborg Universitets IT-Vest udvalg, 2002 &#8211; 2003<\/li><li>Bestyrelsesmedlem, Vr\u00e5 Rideklub, 2002-2004<\/li><li>For\u00e6ldrebestyrelsesmedlem, Institutionen &#8220;Enghaven&#8221;, Vr\u00e5, 1996-2001<br><\/li><li>Bestyrelsesmedlem, Vr\u00e5 Menighedsb\u00f8rnehave, 1992-1995<br><\/li><li>Vejlederrepr\u00e6sentant i Arbejdsudvalget for Basisuddannelsen p\u00e5 AUC, 1988-89<\/li><li>Medlem af Fagstudien\u00e6vn (BCKV), AUC, 1984-88<\/li><li>Medlem af Fakultetsstudien\u00e6vn, AUC, 1986-88<\/li><li>N\u00e6stformand i Fag- og Fakultetsstudien\u00e6vn, AUC, 1987-88<\/li><li>Strukturudvalg for Ingeni\u00f8ruddannelserne p\u00e5 AUC, 1986<\/li><li>Medlem af st\u00e5ende valgudvalg, AUC, 1986-88<\/li><li>Formand for Indstillingsudvalget for Aalborgs Kollegier, IFAK, 1983-86<\/li><li>Medlem af bestyrelsen for Arbejderbev\u00e6gelsens Kollegium, 1983-86<\/li><li>Formand for kollegier\u00e5det for Arbejderbev\u00e6gelsens Kollegium i Aalborg, 1982-86<\/li><li>Samarbejdsudvalgsmedlem for U-landsfrivillige i Kenya, Mellemfolkeligt Samvirke, 1981-82<\/li><li>L\u00e6rlingetalsmand for Metal-l\u00e6rlinge p\u00e5 Svaneh\u00f8j Pumpefabrik, 1976-78<\/li><li>Bestyrelsesmedlem, Metal Ungdom &#8211; Aalborg, 1974-78<\/li><li>Returnee i Youth for Understanding (YFU), 1974-78<\/li><\/ul>\n","protected":false},"excerpt":{"rendered":"<p>Kasserer i Vr\u00e5 Bryghus&#8217; Venner, 2021 &#8211; Arbejdsmilj\u00f8repr\u00e6sentant, IT Service, Aalborg Universitet, 2019 &#8211; 2022 Frivillig medarbejder p\u00e5 Vr\u00e5 Bryghus, 2018 &#8211; Kasserer for Amager F\u00e6lled \u00d8kohave, 2014 &#8211; 2015 Domsmand, K\u00f8benhavns Byret, 2011 &#8211; 2016 Medlem af bestyrelsen for &hellip; <a href=\"https:\/\/cv.axelk.dk\/index.php\/tillidsposter\/\">Continue reading <span class=\"meta-nav\">&rarr;<\/span><\/a><\/p>\n","protected":false},"author":1,"featured_media":0,"parent":0,"menu_order":0,"comment_status":"closed","ping_status":"closed","template":"","meta":{"footnotes":""},"class_list":["post-149","page","type-page","status-publish","hentry"],"_links":{"self":[{"href":"https:\/\/cv.axelk.dk\/index.php\/wp-json\/wp\/v2\/pages\/149","targetHints":{"allow":["GET"]}}],"collection":[{"href":"https:\/\/cv.axelk.dk\/index.php\/wp-json\/wp\/v2\/pages"}],"about":[{"href":"https:\/\/cv.axelk.dk\/index.php\/wp-json\/wp\/v2\/types\/page"}],"author":[{"embeddable":true,"href":"https:\/\/cv.axelk.dk\/index.php\/wp-json\/wp\/v2\/users\/1"}],"replies":[{"embeddable":true,"href":"https:\/\/cv.axelk.dk\/index.php\/wp-json\/wp\/v2\/comments?post=149"}],"version-history":[{"count":7,"href":"https:\/\/cv.axelk.dk\/index.php\/wp-json\/wp\/v2\/pages\/149\/revisions"}],"predecessor-version":[{"id":199,"href":"https:\/\/cv.axelk.dk\/index.php\/wp-json\/wp\/v2\/pages\/149\/revisions\/199"}],"wp:attachment":[{"href":"https:\/\/cv.axelk.dk\/index.php\/wp-json\/wp\/v2\/media?parent=149"}],"curies":[{"name":"wp","href":"https:\/\/api.w.org\/{rel}","templated":true}]}}