{"id":8,"date":"2018-02-09T18:08:29","date_gmt":"2018-02-09T17:08:29","guid":{"rendered":"http:\/\/ny.axelk.dk\/?page_id=8"},"modified":"2022-10-10T19:42:36","modified_gmt":"2022-10-10T17:42:36","slug":"om","status":"publish","type":"page","link":"https:\/\/cv.axelk.dk\/index.php\/om\/","title":{"rendered":"Erhvervserfaring"},"content":{"rendered":"<h2>2022 &#8211;\u00a0 Jobs\u00f8gende<\/h2>\n<h2>2017 &#8211; 2022 Systemforvalter, Aalborg Universitet<\/h2>\n<p>Sytematisk forvaltning af systemer i drift. Min prim\u00e6re forvaltningsopgaver er p\u00e5 universitetes ESDH system, der er KMD&#8217;s WorkZone.<br \/>\nDerudover er jeg systemforvalter p\u00e5 nogle mindre specialudviklede systemer, samt deltager under etableringen af nye systemer.<br \/>\nAdministration af Microsoft Dynamics 365 CRM i forbindelse med etableringen af et f\u00e6lles CRM-system for AAU.<\/p>\n<h2>2016 &#8211; 2017 Fagl\u00e6rer p\u00e5 TechCollege i Aalborg.<\/h2>\n<p>Undervisning af datatekniker elever p\u00e5 infrastrukturlinien.<br \/>\nHovedomr\u00e5derne er serverteknologi, netv\u00e6rk, sikkerhed og dokumentation.<\/p>\n<h2>2008 \u2013 2016 IT-leder (Chefkonsulent), Statens Museum for Kunst, K\u00f8benhavn.<\/h2>\n<p>Leder af IT-eheden, en DevOp enhed, med ansvar for b\u00e5de udvikling, drift, IT-support og sikkerhed, herunder ogs\u00e5 etablering af en SOA-baseret arkitektur for kunstfaglige systemer.<br \/>\nJeg har st\u00e5et for udskiftningen af infrastrukturen til en 100% virtualiseret infrastruktur, samt et netv\u00e6rk med 20 Gb backbone og 1 Gb til alle klienter og internettet.<br \/>\nEn af de store udfordringer for museet er relativt mange data (i 2016 ca. 55 TB &#8211; prim\u00e6rt film og billeder) der skal sikres med b\u00e5de en off-site og en off-line backup.<br \/>\nDerudover stod jeg for implementering af ISO 27001.<\/p>\n<p>Jeg har selv valgt at forlade museet, da min kone og jeg gerne ville tilbage til Nordjylland efter 12 sp\u00e6ndende \u00e5r i K\u00f8benhavn.<\/p>\n<h5><strong>Stikord:<\/strong> Storage, EMC SAN, Promise SAN, iSCSI, VMWare, RedHat Enterprise Virtualization, netv\u00e6rk, strategi, Citrix med Netscaler, firewall (Cisco og Checkpoint), infrastruktur-opbygning, DS484\/ISO 27001, ControlManager (ITSMS), OTRS (ITMS), Windows 7\/10\/2008\/2012, Linux (Debian, Ubuntu, CentOS), Exchange 2010, Backup, indk\u00f8b, udbud<\/h5>\n<h2>2008 \u2013 2008 Project officer (Specialkonsulent), Rigspolitiet, IT og tele afdelingen, Hvidovre.<\/h2>\n<p>H\u00f8jre h\u00e5nd for projektlederen p\u00e5 POLSAS \u2013 Politiets eksisterende sagsbehandlingssystem.<\/p>\n<h5><strong>Stikord<\/strong>: projektstyring og -rapportering, projektrevision<\/h5>\n<h2>2004 \u2013 2008 Systemingeni\u00f8r, Ris\u00f8 DTU, Roskilde<\/h2>\n<p>Drift af virtuelle servere, regnecluster, samt \u201dend-point\u201d- og perimeter-sikkerhed herunder IT-support af sikkerhedsl\u00f8sningerne. Ansvarlig for DS 484 sikkerhed med risikoanalyse samt awarenessaktiviteter.<\/p>\n<h5>Stikord: VMWare, storage, EMC SAN, HP Eva SAN, sikkerhed, DS 484, virusbeskyttelse, Citrix, adgangssikkerhed, Windows XP\/2003, Windows Clustering, Linux (RedHat\/Fedora\/CentOS)<\/h5>\n<h2>1998 \u2013 2004 Netv\u00e6rksadministrator, Sol og Strand Feriehusudlejning, Blokhus<\/h2>\n<p>Drift og support af fil-, print- og mailservere samt LAN\/WAN, der d\u00e6kkede op til 60 lokationer i Danmark, Tyskland, Norge og Sverige.<\/p>\n<h5>Stikord: netv\u00e6rk, Cisco, LAN\/WAN, ISDN, ADSL, VPN, Firewall, Windows NT\/2000, Exchange 2000, MCSE NT 4, Backup, indk\u00f8b<\/h5>\n<h2>1992 \u2013 1998 Fuldm\u00e6gtig, Nordjyllands Amts Rusmiddelorganisation Foldbjegcentret, Vr\u00e5<\/h2>\n<p>Drift og IT-support af IT i organisationen, der d\u00e6kkede hele amtet med 5 lokationer, herunder etablering af elektronisk klientjournal (kjour.dk) med underliggende infrastruktur, samt budget og regnskab for hele organisationen.<\/p>\n<h5>Stikord: budget, regnskab, netv\u00e6rk, Novell 4, LAN\/WAN, ISDN, FrameRelay, Cisco, systemudvikling, indk\u00f8b<\/h5>\n<h2>1989 \u2013 1992 Konsulent og underviser, EDB-h\u00f8jskolen i Hj\u00f8rring<\/h2>\n<p>Konsulent for sm\u00e5 og mellemstore virksomheder i Vendsyssel. Underviser p\u00e5 erhvervskurser og projekter for ledige.<\/p>\n<h5>Stikord: r\u00e5dgivning, undervisning, netv\u00e6rk (LAN), automatisering af kontorrutiner, makroprogrammering, arbejdsgangsanalyser<\/h5>\n<h2>1988 \u20131989 Undervisningsassistent, AUC, Aalborg<\/h2>\n<p>Projektvejledning p\u00e5 Den teknisk-naturvidenskablige Basisuddannelse.<\/p>\n<h2>1980 \u2013 1982 Ulandsfrivillig i Kenya, Mellemfolkeligt Samvirke<\/h2>\n<p>Undervisning i metalfag, regnskab og projektledelse<\/p>\n<h2>1978 \u2013 1980 Maskinarbejder<\/h2>\n<p>Opbygning og reparation af automatiske maskiner og anl\u00e6g.<\/p>\n","protected":false},"excerpt":{"rendered":"<p>2022 &#8211;\u00a0 Jobs\u00f8gende 2017 &#8211; 2022 Systemforvalter, Aalborg Universitet Sytematisk forvaltning af systemer i drift. Min prim\u00e6re forvaltningsopgaver er p\u00e5 universitetes ESDH system, der er KMD&#8217;s WorkZone. Derudover er jeg systemforvalter p\u00e5 nogle mindre specialudviklede systemer, samt deltager under etableringen &hellip; <a href=\"https:\/\/cv.axelk.dk\/index.php\/om\/\">Continue reading <span class=\"meta-nav\">&rarr;<\/span><\/a><\/p>\n","protected":false},"author":1,"featured_media":0,"parent":0,"menu_order":0,"comment_status":"closed","ping_status":"closed","template":"","meta":{"footnotes":""},"class_list":["post-8","page","type-page","status-publish","hentry"],"_links":{"self":[{"href":"https:\/\/cv.axelk.dk\/index.php\/wp-json\/wp\/v2\/pages\/8","targetHints":{"allow":["GET"]}}],"collection":[{"href":"https:\/\/cv.axelk.dk\/index.php\/wp-json\/wp\/v2\/pages"}],"about":[{"href":"https:\/\/cv.axelk.dk\/index.php\/wp-json\/wp\/v2\/types\/page"}],"author":[{"embeddable":true,"href":"https:\/\/cv.axelk.dk\/index.php\/wp-json\/wp\/v2\/users\/1"}],"replies":[{"embeddable":true,"href":"https:\/\/cv.axelk.dk\/index.php\/wp-json\/wp\/v2\/comments?post=8"}],"version-history":[{"count":8,"href":"https:\/\/cv.axelk.dk\/index.php\/wp-json\/wp\/v2\/pages\/8\/revisions"}],"predecessor-version":[{"id":195,"href":"https:\/\/cv.axelk.dk\/index.php\/wp-json\/wp\/v2\/pages\/8\/revisions\/195"}],"wp:attachment":[{"href":"https:\/\/cv.axelk.dk\/index.php\/wp-json\/wp\/v2\/media?parent=8"}],"curies":[{"name":"wp","href":"https:\/\/api.w.org\/{rel}","templated":true}]}}