{"id":9,"date":"2018-02-09T18:08:30","date_gmt":"2018-02-09T17:08:30","guid":{"rendered":"http:\/\/ny.axelk.dk\/?page_id=9"},"modified":"2022-10-10T19:44:18","modified_gmt":"2022-10-10T17:44:18","slug":"kontakt","status":"publish","type":"page","link":"https:\/\/cv.axelk.dk\/index.php\/kontakt\/","title":{"rendered":"Erfaringsomr\u00e5der"},"content":{"rendered":"<h2>IT-sikkerhed<\/h2>\n<h3>Ris\u00f8 DTU<\/h3>\n<p>P\u00e5 Ris\u00f8 havde jeg disse ansvarsomr\u00e5der inden for IT-sikkerhed:<\/p>\n<ul>\n<li>Implementeringen af DS 484 i 2006 og 07 med risikovurdering<\/li>\n<li>Drift af firewall i samarbejde med Forskningsnettet<\/li>\n<li>Drift af adgang med VPN og SSH<\/li>\n<li>Implementering af end-point-security (McAfee og F-secure)<\/li>\n<li>Drift af 2-faktor godkendelse af brugere (RSA)<\/li>\n<li>Awarenesskampanger med orienteringsm\u00f8der i afdelingerne<\/li>\n<li>Dokumentationen af sikkerheden skete i ISMS-systemet Controlmanager fra Siscon<\/li>\n<\/ul>\n<h3>Statens Museum for Kunst<\/h3>\n<p>P\u00e5 SMK har jeg st\u00e5et for implementeringen af ISO 27001 \/ DS 484 i samarbejde med Siscon, hvor vi bruger ISMS-systemet Controlmanager fra Siscon.<\/p>\n<p>Derudover har jeg ansvaret for:<\/p>\n<ul>\n<li>Drift af firewall i samarbejde med i2 (Forskningsnettet)<\/li>\n<li>Implementering af end-point-security (McAfee)<\/li>\n<li>Awarenesskampanger igennem orientering om trusler fra internettet<\/li>\n<\/ul>\n<h2>Administration<\/h2>\n<h3>Statens Museum for Kunst<\/h3>\n<p>Min opgave som teamleder for IT-enheden p\u00e5 Statens Museum for Kunst er:<\/p>\n<ul>\n<li>planl\u00e6gning og udf\u00f8rsel af de daglige arbejdsopgaver<\/li>\n<li>sikkerhedsarbejde iht. DS484\/ISO 27001 &#8211; Informationssikkerhedsudvalg, risikoanalyse m.m.<\/li>\n<li>fastl\u00e6ggelse af procedurer<\/li>\n<li>budgettering, kontering og budgetopf\u00f8lgning<\/li>\n<li>IT-strategi<\/li>\n<li>projektledelse p\u00e5 etablering, udbygning og udskiftning af IT-infrastruktur<\/li>\n<\/ul>\n<h3>Foldbjergcentret, Nordjyllands Amt<\/h3>\n<p>Som en offentlig behandlingsinstitution var det meget vigtigt at alle handlinger blev dokumenteret og arkiveret s\u00e5ledes at evt. klagesager kunne behandles hurtigt og professionelt. Det var bl.a. mit ansvar at denne dokumentation var til stede og tilg\u00e6ngelig.<\/p>\n<p>Derudover havde jeg ogs\u00e5 det daglige ansvar for:<\/p>\n<ul>\n<li>ledelse af de administrativt ansattes indsats p\u00e5 tv\u00e6rs af organisationens enheder<\/li>\n<li>det administrative arbejde med udarbejdelse af administrative retningslinjer, budget og regnskab, m\u00f8dereferater, indkaldelser, korrespondance m.v.<\/li>\n<\/ul>\n<h3>Indstillingsudvalget for Aalborgs Kollegier, IFAK<\/h3>\n<p>I min formandsperiode havde jeg det ledelsesm\u00e6ssige ansvar for organisationen. I perioden var der en del udfordringer, der indebar b\u00e5de omrokeringer af personale samt rationalisering af arbejdsgange.<\/p>\n<p>Projektarbejde<\/p>\n<p>Statens Museum for Kunst \u2013 SMK<\/p>\n<p>P\u00e5 SMK har jeg gennemf\u00f8rt f\u00f8lgende st\u00f8rre projekter:<\/p>\n<ul>\n<li>2009 \u2013 Virtualisering af 9 fysiske servere til en virtuel infrastruktur med 3 fysiske servere med i begyndelsen 25 virtuelle servere.<br \/>\nHerunder blev 5 TB data flyttet fra de enkelte servere til et EMC-SAN<\/li>\n<li>2012 \u2013 udskiftning af \u00e6ldre netv\u00e6rksstruktur med 1 Gb backbone og 10\/100 Mb netv\u00e6rk til arbejdsstationerne. Den nye infrastruktur har 20 Gb backbone og 1 Gb til arbejdsstationerne. Herunder blev der ogs\u00e5 etableret et tr\u00e5dl\u00f8st netv\u00e6rk prim\u00e6rt til museets brugere med f\u00f8rst 16 accesspunkter, men det er senere udbygget til over 100 som d\u00e6kker en stor del af museet<\/li>\n<li>2013 \u2013 udskiftning af virtuel infrastruktur, da den gamle ikke kunne udbygges yderligere og var blevet for lille pga. overgang til 64-bit systemer. Nu med sm\u00e5 100 servere og ca. 60 TB data.<\/li>\n<li>2015\/16 \u2013 etablering af backup infrastruktur med backup til b\u00e5de disk og tape og med en diskkopi off-site<\/li>\n<\/ul>\n<h3>Rigspolitiet<\/h3>\n<p>Som Project Officer var det mit ansvarsomr\u00e5de at koordinere og kvalitetssikre projekterne samt rapportere til programmet.<br \/>\nDerudover bistod jeg l\u00f8bende med revision hvor der opstod ekstraordin\u00e6re udfordringer.<\/p>\n<h3>Sol og Strand Feriehusudlejning A\/S<\/h3>\n<p>Mit ansvarsomr\u00e5de var at holde netv\u00e6rk og servere i luften for hele organisationen, der havde netv\u00e6rksopkoblinger p\u00e5 ca. 60 lokationer i Danmark, Tyskland, Sverige og Norge. Jeg var eneste ansatte p\u00e5 netv\u00e6rksomr\u00e5det, men med noget vagthj\u00e6lp af systemudviklerne p\u00e5 Sol og Strand.<\/p>\n<p>Da en stor del af udvikling og implementering af infrastrukturen skete ved hj\u00e6lp af underleverand\u00f8rer, var det min opgave at styre disse projekter fra definition af opgaven over forhandling af kontrakter til implementeringen og driften. Opgaven bestod i at levere et stabilt netv\u00e6rk med let tilg\u00e6ngelige komponenter og ofte hurtigt at levere forbindelser til nye lokationer.<\/p>\n<h3>Foldbjergcentret, Nordjyllands Amt.<\/h3>\n<p>En af mine prim\u00e6re it-opgaver p\u00e5 Foldbjergcentret var at udvikle og implementere en elektronisk journal i samarbejde med en ekstern softwareleverand\u00f8r (Infoshare.dk \u2013 kjour.dk). Dertil opbyggede jeg den tilh\u00f8rende infrastruktur (PC&#8217;ere, servere, netv\u00e6rk, uddannelse), herunder etablering af et WAN, der d\u00e6kkede organisationens 5 lokationer i Nordjyllands Amt<\/p>\n<p>Ud over at v\u00e6re ansvarlig for udviklingen af den tekniske infrastruktur var jeg bindeleddet mellem den faglige ekspertise, brugerne og de programm\u00f8rer, der udviklede systemet.<br \/>\nSystemet blev sat i drift 1. januar 1996. Systemet er efterf\u00f8lgende videreudviklet og bruges af flere behandlingsinstitutioner.<\/p>\n<h3>Aalborg Universitetscenter<\/h3>\n<p>Under uddannelsen p\u00e5 AUC er arbejdsformen projektorienteret og gruppeorganiseret. Dette har givet mig meget erfaring i at arbejde i gruppe med et f\u00e6lles projekt, hvor vidensdeling, problemformulering, formidling m.m. er grundl\u00e6ggende discipliner der skal beherskes.<\/p>\n<p>Efter endt uddannelse var jeg projektvejleder p\u00e5 basisuddannelse i 3 semestre, hvor hovedfokus er p\u00e5 metoder i projektarbejde.<\/p>\n<h3>Ulandsfrivillig i Kenya<\/h3>\n<p>Jeg var udstationeret p\u00e5 Bushiangala Village Polytechnic (VP) &#8211; en landsby teknisk skole.<br \/>\nEn stor del af arbejdet i Kenya var projekt relateret. Mine arbejdsopgaver bestod af:<\/p>\n<ul>\n<li>Opbygning af et metalv\u00e6rksted<br \/>\nHuset var bygget, men det skulle udstyres med v\u00e6rkt\u00f8j, m\u00f8bler og andet inventar, samtidig med at der skulle udvikles materiale til undervisningen.<\/li>\n<li>Opf\u00f8re bygninger &#8211; ansvarlig for b\u00e5de f\u00e6rdigg\u00f8relse og nybygning af folkeskoler i omr\u00e5det med elever fra skolen (VP).<\/li>\n<li>Opl\u00e6ring af ny leder i regnskab og ledelse<\/li>\n<li>Bestyrelsesarbejde<\/li>\n<li>Kontakt til lokale myndigheder om bevillinger, planer m.m.<\/li>\n<\/ul>\n<h2>Systemudvikling<\/h2>\n<h3>Forskningscenter Ris\u00f8, DTU<\/h3>\n<p>P\u00e5 Ris\u00f8 st\u00e5r IT-afdelingen for drift af mere end 100 servere. Til dokumentation af den drift har jeg udviklet et system, der indeholder grundoplysninger om serverne samt logs over driftsh\u00e6ndelser, ops\u00e6tninger og \u00e6ndringer.<br \/>\nDerudover er systemet ogs\u00e5 udviklet s\u00e5dan at man kan dele viden og erfaring om emner inden for serverdrift.<br \/>\nSystemet er udviklet modul\u00e6rt s\u00e5ledes, at der nemt kan tilf\u00f8jes funktioner. Begreberne fra sikkerhedsforskrifterne i DS 484 er indarbejdet og dermed er det nemt at udvide systemet med styring af sikkerheden. Systemet kan ogs\u00e5 bruges som dokumentationssystem i en ITIL-sammenh\u00e6ng og kan nemt udvides med andre logs.<\/p>\n<p>Statens Museum for Kunst (SMK)<\/p>\n<p>I forbindelse med etableringen af en ny infrastruktur for formidlingen p\u00e5 har jeg st\u00e5et for arkitekturen for den implementerede struktur. Den er baseret p\u00e5 en SOA-struktur, der kan udvides og fornys p\u00e5 en fleksibel m\u00e5de.<\/p>\n<h2>Organisatorisk arbejde<\/h2>\n<h3>Indstillingsudvalget for Aalborgs Kolleger, IFAK.<\/h3>\n<p>I min periode som formand for IFAK blev organisationens arbejde forbedret v\u00e6sentligt igennem fastl\u00e6ggelse af mere effektive forretningsgange og procedurer.<br \/>\nI perioden kom der ogs\u00e5 flere nye kollegier ind under organisationen, s\u00e5ledes at IFAK efterh\u00e5nden havde indstillingsret til alle kollegier i Aalborg.<\/p>\n<h3>Styrende organer p\u00e5 Aalborg Universitetscenter<\/h3>\n<p>Igennem hele min studietid har jeg v\u00e6ret medlem af de styrende organer p\u00e5 Aalborg Universitetscenter. Dette har givet stor erfaring i at f\u00e6rdes i politiske systemer og arbejde med administration.<br \/>\nSom konsekvens af mange \u00e5r i studien\u00e6vnet var jeg ogs\u00e5 ansat som studievejleder p\u00e5 min studieretning, samt ved informationsindsatsen over for gymnasieelever.<\/p>\n<h3>Returnee i Youth for Understanding (YFU)<\/h3>\n<p>Efter mit udvekslingsophold i USA arbejdede jeg som frivillig inden for YFU i de f\u00f8lgende 5 \u00e5r. Opgaverne var information og udv\u00e6lgelse af kommende udvekslingsstudenter, samt udv\u00e6lgelse af v\u00e6rtsfamilier for amerikanske studerende. Derudover fungerede jeg i perioder ogs\u00e5 som r\u00e5dgiver for de herboende udvekslingsstudenter.<br \/>\nSidel\u00f8bende med dette var jeg meget aktiv i udviklingen af organisationen, da den voksede meget kraftigt i de \u00e5r.<\/p>\n","protected":false},"excerpt":{"rendered":"<p>IT-sikkerhed Ris\u00f8 DTU P\u00e5 Ris\u00f8 havde jeg disse ansvarsomr\u00e5der inden for IT-sikkerhed: Implementeringen af DS 484 i 2006 og 07 med risikovurdering Drift af firewall i samarbejde med Forskningsnettet Drift af adgang med VPN og SSH Implementering af end-point-security (McAfee &hellip; <a href=\"https:\/\/cv.axelk.dk\/index.php\/kontakt\/\">Continue reading <span class=\"meta-nav\">&rarr;<\/span><\/a><\/p>\n","protected":false},"author":1,"featured_media":0,"parent":0,"menu_order":0,"comment_status":"closed","ping_status":"closed","template":"","meta":{"footnotes":""},"class_list":["post-9","page","type-page","status-publish","hentry"],"_links":{"self":[{"href":"https:\/\/cv.axelk.dk\/index.php\/wp-json\/wp\/v2\/pages\/9","targetHints":{"allow":["GET"]}}],"collection":[{"href":"https:\/\/cv.axelk.dk\/index.php\/wp-json\/wp\/v2\/pages"}],"about":[{"href":"https:\/\/cv.axelk.dk\/index.php\/wp-json\/wp\/v2\/types\/page"}],"author":[{"embeddable":true,"href":"https:\/\/cv.axelk.dk\/index.php\/wp-json\/wp\/v2\/users\/1"}],"replies":[{"embeddable":true,"href":"https:\/\/cv.axelk.dk\/index.php\/wp-json\/wp\/v2\/comments?post=9"}],"version-history":[{"count":4,"href":"https:\/\/cv.axelk.dk\/index.php\/wp-json\/wp\/v2\/pages\/9\/revisions"}],"predecessor-version":[{"id":197,"href":"https:\/\/cv.axelk.dk\/index.php\/wp-json\/wp\/v2\/pages\/9\/revisions\/197"}],"wp:attachment":[{"href":"https:\/\/cv.axelk.dk\/index.php\/wp-json\/wp\/v2\/media?parent=9"}],"curies":[{"name":"wp","href":"https:\/\/api.w.org\/{rel}","templated":true}]}}